*c = -l - 37200. What are the prime factors of c?
17, 547
Suppose -49*g = -2*g + 20*g - 35912. What are the prime factors of g?
2, 67
Let z = 4272 - 33652. What are the prime factors of 2*(-1)/8 - z/80?
367
Suppose 1 = -8*z + 33. Suppose 0 = -3*v + 5 + 1, z*h + 164 = -2*v. List the prime factors of ((-360)/(-50))/((h/(-20))/7).
2, 3
Let b(y) = -124*y - 71. Let f be b(12). Let o = -648 - f. List the prime factors of o.
911
Suppose 4*s = -4*c + 72, -s = 4*s + 3*c - 90. What are the prime factors of 3/(s/(-768)*-4)?
2
Let y be -2 + 154/30 - 58/435. What are the prime factors of (1890/(-40))/(y/(-8))?
2, 3, 7
What are the prime factors of (-42)/(-7) + (-6)/((-3)/932*1)?
2, 5, 11, 17
Suppose -3*m - 1131 = -16*m. List the prime factors of (m/(-2))/((-25)/450) + 4.
787
Suppose 81*a = 170*a - 189392. List the prime factors of a.
2, 7, 19
Let j be (((-150)/(-35))/10)/((-1)/(-7)). Suppose j*k - 2*i = 4484, -4*i + 9 - 1 = 0. List the prime factors of k.
2, 11, 17
Let s(j) = 147*j - 27. Let f be (-9)/(9/10)*(-2)/5. List the prime factors of s(f).
3, 11, 17
Let g(u) = -6*u**2 - 9*u + 0*u**3 + 27 + 2*u**3 - 30 + 12*u. Let n(i) = -i**2 + 6*i. Let w be n(5). What are the prime factors of g(w)?
2, 7
Suppose 20*m - 24*m = -44. Suppose -3*x + 3 = -q - 8, m = x - 4*q. Suppose 2*v - x*u - 227 = 2*u, u + 247 = 2*v. What are the prime factors of v?
2, 3, 7
Let t(f) = 169*f + 1. Let i be t(-1). Suppose -k - 813 = -3*y, 114 = -3*y + 3*k + 921. Let h = i + y. What are the prime factors of h?
2, 13
Let v(b) = 3*b**2 - 2*b - 2. Let c be v(3). Suppose c*r = 227 + 172. List the prime factors of r.
3, 7
Let r be (0 - 2)*(23/2 - 3). What are the prime factors of 138068/238 + 2/r?
2, 5, 29
What are the prime factors of (-4)/10 - 1104668/(-445)?
2, 17, 73
Suppose c - 4*c + 2*i + 21326 = 0, 2*i + 2 = 0. List the prime factors of c.
2, 1777
Let f(o) be the third derivative of -o**6/60 + o**5/60 - o**4/8 + o**3/2 + 20*o**2. Let d be (2 + -4)/((-6)/(-9)). List the prime factors of f(d).
3, 5
Suppose 2*v = v + p + 12, 5*v + p = 60. Let z(n) = n**3 - 10*n**2 + 9*n - 28. Let k be z(v). Suppose -k = 44*t - 46*t. List the prime factors of t.
2, 23
Suppose -3*y = -4*u - 9043, 5*u = 25*y - 20*y - 15070. List the prime factors of y.
23, 131
Let t = -18102 - -29284. What are the prime factors of t?
2, 5591
Let n(l) = l**3 + 9*l**2 - 23*l + 16. Let a be ((-216)/(-180))/((-2)/(-15)). What are the prime factors of n(a)?
7, 181
What are the prime factors of (33/(-4)*-2)/(15/4790)?
11, 479
Suppose -2*u = 4*j - 18968, 4*j = 9*j - 4*u - 23736. What are the prime factors of j?
2, 593
Let y(l) = 446*l**2 + l. Let x be y(-1). Suppose x = -4*g - 171. Let d = 260 + g. List the prime factors of d.
2, 53
Suppose -198 = -2*a - a. Suppose a*q - 69*q = -804. List the prime factors of q.
2, 67
Let t be (((-36)/(-5))/(-4))/(1/(-15)). What are the prime factors of 7016/18 + 6/t?
2, 3, 5, 13
Let o = -60488 + 91725. List the prime factors of o.
31237
Let b = -23493 - -46986. List the prime factors of b.
3, 41, 191
Let s(a) = -a**2 + a - 17. Let d be (16/24)/((-2)/33) - 2. Let u be s(d). What are the prime factors of (u + 2)/(-1) + (-8 - -6)?
3, 5, 13
Let a(g) be the second derivative of -g**5/10 - 4*g**4/3 - g**3/2 + 5*g**2/2 - 17*g. Let z be a(-8). Suppose -66 - z = -5*y. What are the prime factors of y?
19
Let g(c) = -c**3 + 11*c**2 + 10*c + 2. Suppose 2*t - 9*t = -63. What are the prime factors of g(t)?
2, 127
Let f = 22160 + -4733. List the prime factors of f.
3, 37, 157
Let b(l) = 3*l**3 + 493 - 7*l**3 + 2*l**2 + 9*l**3 - 7*l**3 - l. List the prime factors of b(0).
17, 29
Let r = 67487 - 42430. What are the prime factors of r?
25057
Let k(c) = -c**3 - 7*c**2 - 3*c + 8. Let q be k(-7). Suppose q*j = 17*j + 228. List the prime factors of j.
19
Suppose 58*m = 63*m - 3330. Let s = 1129 - m. List the prime factors of s.
463
Let l(v) = 23*v**2 - 31*v - 261. List the prime factors of l(-15).
3, 11, 163
Let p be -3 - (-3 - (3 + -6) - 3). Suppose p = 2*b - 5*z + 20, -4*b + 5*z = 54 - 4. List the prime factors of (-260)/b*6/4.
2, 13
Let s be (-9)/(-12) + (-65)/(-20). List the prime factors of 639 - ((-2)/((-4)/(-2)) + s).
2, 3, 53
Suppose -2*d = 3*d + 2*v - 2642, 5*v = -2*d + 1040. Suppose -3*k + 15 = 0, -k = 5*x + k - d. What are the prime factors of x?
2, 13
Let a = 630 + -631. What are the prime factors of (-3)/a*18/54 + 1353?
2, 677
Let l be (-15)/(-4) + (-36)/48. What are the prime factors of -5 - (-336 - (l - 6))?
2, 41
Let g(r) = 50*r**2 + 9*r + 15. Let o be g(-3). Suppose 221*c - 215*c = o. What are the prime factors of c?
73
Let v = 32 + -30. Suppose -3*b + 3720 = 5*o, -v*b = o - 834 + 83. What are the prime factors of o?
3, 13, 19
Let h = -14781 + 17039. List the prime factors of h.
2, 1129
Suppose 17*q - 31200 = 13561. What are the prime factors of q?
2633
Let z = -33 + 188. Suppose -2*n - z = r, 4*r + 4*n + 745 = -r. Let j = r + 335. List the prime factors of j.
2, 5, 19
Let b = 117 - 109. Suppose b*o = 1448 - 96. List the prime factors of o.
13
Let w be (-283)/(-15) - (-28)/210. Let h = 21 - w. What are the prime factors of (-4 + h)/2 + 44?
43
Let i = 2922 + -2058. List the prime factors of i.
2, 3
Suppose 0 = -260*d + 266*d - 114. Suppose d = 2*v + 5*x - 722, -2*v + 5*x + 711 = 0. List the prime factors of v.
3, 11
Let n(h) = 181*h**2 + 4*h - 1. Let s be n(1). Let c = s - -124. What are the prime factors of c?
2, 7, 11
Let z = 178 - -7829. What are the prime factors of z?
3, 17, 157
Suppose -2*q - v = -1, -3*q + 2*v = -5*q - 2. Suppose 5*k - q*k = -y + 633, 4*k = y + 844. List the prime factors of k.
211
Let m(c) be the first derivative of -251*c**2/2 + 130*c + 223. What are the prime factors of m(-3)?
883
Suppose i = 4*c + 35, -2*i + 4*i - 77 = c. Let d = i - 39. Suppose d = -4*h - 6 + 2, -2*o = 5*h - 129. What are the prime factors of o?
67
Suppose 12*a = 3384 + 1392. Let k = -47 + a. What are the prime factors of k?
3, 13
Let x = 64891 + 26326. What are the prime factors of x?
7, 83, 157
Let s(u) = -u**3 + 3*u**2 + 11*u - 5. Suppose 0 = -v + 2*k - 3, -7*v + 5*v + 22 = 3*k. Let g be s(v). Let i(f) = -3*f + 96. List the prime factors of i(g).
2, 3
Let b be 4/6 + (415327/33)/17. Suppose -19956 + b = -15*s. List the prime factors of s.
3, 7, 61
Suppose -10*q = -17*q. Let b be (9/27)/((-2)/(-12)). Suppose -w + 4*i = -93, i = -b*w - q*i + 177. What are the prime factors of w?
89
Let r be ((-32)/(-12))/8 + (-121)/3. List the prime factors of (-14292)/(-30) + 16/r.
2, 7, 17
Suppose v = 4*d - 759 + 2155, 4*v = 6*d + 5544. What are the prime factors of v?
2, 3, 5, 23
Suppose -4*c - l + 68 = 2*l, 3*l = 12. Suppose -5*o + 5*s + 4 + 1 = 0, -c = o - 4*s. What are the prime factors of o?
2, 3
Suppose 5 = -3*g - 4, 467 = -u + g. Let d = -266 - u. Let o = -141 + d. List the prime factors of o.
3, 7
Let w(b) = -7*b**3 - 4*b**2 + 3*b + 3. Let v be w(-3). Suppose 2*j = 429 + v. What are the prime factors of j?
2, 3
Let u(m) = 27*m**2 - 22*m - 7. Let l(g) = g**2 + 4*g - 133. Let n be l(10). What are the prime factors of u(n)?
2, 7, 83
Suppose -13*r + 7565 = 4*r. Suppose 2*g + r + 269 = 4*j, -j = -g - 181. What are the prime factors of j?
2, 11
Let g = 67 - 62. Suppose 3*n + s = 178, 308 = 7*n - 2*n - 4*s. Suppose g*w = -w + n. List the prime factors of w.
2, 5
Suppose 4 = -0*k + k, 0 = -3*z + 5*k - 50. List the prime factors of 74/1*(-4)/(16/z).
5, 37
Let y = 892 + -887. Suppose -x - 1721 = -9*n + 7*n, 5*x = -y*n + 4265. What are the prime factors of n?
2, 3, 11, 13
List the prime factors of (10048/8)/(4/18).
2, 3, 157
Let y(g) = -37*g**3 + 2*g**2 + 4*g - 242. What are the prime factors of y(-10)?
2, 3, 7, 293
Let l = -3340 - -10920. What are the prime factors of l?
2, 5, 379
Let o(u) = -34*u**3 + 8*u**2 + 33*u + 157. List the prime factors of o(-7).
2, 5, 599
What are the prime factors of (-55640)/(-78)*((-137)/(-4) - 2)?
5, 43, 107
Let f = -6654 - -16189. What are the prime factors of f?
5, 1907
Let u be -414 + (-12)/9*-3. Let a = 604 + u. Suppose 2*j - 128 = -2*y, 3*j = -2*y + y + a. What are the prime factors of j?
5, 13
Let u(s) = -111*s - 1852. What are the prime factors of u(-30)?
2, 739
Let o(f) = 27*f + 19. Let a(t) = t**3 - 14*t**2 - 2*t + 39. Let u be a(14). What are the prime factors of o(u)?
2, 79
Let 